0 and 20140?
20
What is the highest common divisor of 81 and 1224747?
27
What is the greatest common factor of 26549 and 556?
139
What is the greatest common factor of 13575 and 4125?
75
Calculate the highest common divisor of 1122 and 506550.
66
What is the highest common divisor of 15120 and 10880?
80
Calculate the greatest common factor of 55 and 42875.
5
What is the greatest common factor of 5859675 and 54?
27
Calculate the highest common divisor of 10 and 145840.
10
Calculate the highest common divisor of 1816936 and 88.
88
Calculate the highest common divisor of 274155 and 245.
245
Calculate the highest common divisor of 11745 and 50315.
145
What is the highest common factor of 55455 and 60?
15
Calculate the greatest common divisor of 56 and 23324.
28
What is the greatest common factor of 244 and 14457?
61
What is the highest common divisor of 58765 and 730?
365
Calculate the greatest common divisor of 729 and 8361.
9
What is the highest common factor of 21 and 208019?
7
What is the greatest common divisor of 688 and 6440?
8
What is the highest common divisor of 321672 and 351?
39
Calculate the highest common divisor of 265140 and 120.
60
What is the highest common divisor of 26 and 109954?
26
Calculate the highest common factor of 8307 and 249849.
639
What is the highest common divisor of 5537 and 1130?
113
Calculate the greatest common divisor of 3609 and 8739.
9
What is the highest common divisor of 6456 and 1008?
24
Calculate the greatest common divisor of 32495 and 1340.
335
What is the greatest common divisor of 51688 and 8554?
182
Calculate the greatest common divisor of 70610 and 8740.
230
What is the highest common divisor of 70742 and 868?
434
Calculate the greatest common factor of 24222 and 561.
33
What is the greatest common factor of 2810 and 172534?
562
Calculate the greatest common divisor of 4034104 and 376.
376
Calculate the greatest common factor of 3590 and 162.
2
Calculate the highest common divisor of 6 and 3842214.
6
What is the greatest common divisor of 4230 and 11374?
94
Calculate the highest common factor of 60426 and 38.
2
What is the highest common factor of 8086 and 2?
2
What is the highest common divisor of 874 and 1978?
46
Calculate the highest common factor of 288 and 132024.
24
What is the greatest common factor of 717 and 4449463?
239
What is the highest common divisor of 6930 and 2036790?
630
What is the highest common divisor of 25011 and 252?
63
Calculate the greatest common factor of 187 and 4103.
11
What is the greatest common divisor of 306 and 17697?
51
What is the highest common factor of 389 and 2350727?
389
Calculate the highest common divisor of 14496 and 96.
96
Calculate the greatest common factor of 168 and 394968.
168
What is the greatest common factor of 923 and 4331?
71
Calculate the highest common factor of 8052 and 792.
132
Calculate the greatest common divisor of 603512 and 98.
14
What is the greatest common factor of 382 and 1565436?
382
What is the highest common factor of 517799 and 479?
479
What is the highest common factor of 48861 and 37881?
549
Calculate the highest common factor of 952 and 4886.
14
What is the greatest common factor of 6240 and 640?
160
Calculate the greatest common divisor of 1572 and 726657.
393
What is the greatest common factor of 32 and 100752?
16
Calculate the greatest common divisor of 58896 and 198.
18
What is the greatest common factor of 122 and 7104914?
122
What is the greatest common divisor of 476172 and 66?
6
Calculate the greatest common factor of 11840 and 895400.
1480
Calculate the greatest common factor of 18 and 17478.
18
Calculate the greatest common divisor of 6966 and 458982.
774
Calculate the greatest common divisor of 52 and 757172.
52
Calculate the highest common factor of 2792 and 344.
8
Calculate the greatest common factor of 8 and 12932264.
8
What is the greatest common divisor of 3340 and 63794?
334
What is the greatest common factor of 8981 and 56?
7
Calculate the greatest common divisor of 3051 and 4833.
27
Calculate the highest common divisor of 238 and 613312.
14
Calculate the highest common factor of 214 and 587751.
107
Calculate the greatest common divisor of 80595 and 510.
15
Calculate the greatest common factor of 2894160 and 20460.
1860
Calculate the highest common factor of 16815 and 5643.
57
What is the highest common factor of 7 and 22190?
7
Calculate the greatest common factor of 78 and 9132.
6
What is the greatest common factor of 58 and 113303?
29
Calculate the highest common divisor of 4577 and 1104.
23
What is the greatest common factor of 616 and 5358584?
616
What is the highest common factor of 559 and 13459?
43
What is the highest common factor of 530 and 4990?
10
Calculate the highest common divisor of 2205 and 7065.
45
Calculate the greatest common divisor of 4068 and 252.
36
What is the highest common factor of 459238 and 247?
13
Calculate the highest common factor of 308380 and 170.
170
Calculate the greatest common factor of 125 and 2.
1
What is the highest common factor of 9012 and 348?
12
What is the highest common factor of 508 and 332?
4
What is the highest common factor of 13320 and 9140?
20
What is the highest common factor of 135821 and 14?
7
Calculate the greatest common factor of 760 and 462460.
380
Calculate the greatest common factor of 425 and 158525.
425
Calculate the highest common factor of 50792 and 252.
28
What is the greatest common divisor of 13189 and 682?
11
What is the greatest common divisor of 160419 and 21?
21
What is the highest common factor of 938 and 10402?
14
Calculate the greatest common factor of 1298 and 198.
22
What is the highest common factor of 11134 and 23750?
38
What is the highest common factor of 170 and 19278?
34
What is the greatest common divisor of 5200 and 26650?
650
Calculate the greatest common factor of 104 and 298.
2
Calculate the greatest common divisor of 8397102 and 42.
42
What is the greatest common divisor of 473 and 1376?
43
What is the greatest common divisor of 734 and 373973?
367
What is the highest common divisor of 846 and 44462?
94
Calculate the highest common factor of 356 and 135369.
89
What is the highest common factor of 309 and 38522?
103
What is the highest common divisor of 273801 and 1122?
33
What is the highest common divisor of 6536 and 342?
38
What is the greatest common divisor of 124255 and 25?
5
Calculate the greatest common factor of 44928 and 56628.
468
What is the greatest common divisor of 5668 and 28885?
109
Calculate the greatest common factor of 36 and 111612.
12
Calculate the highest common divisor of 2466 and 40518.
18
What is the greatest common divisor of 507 and 31629?
39
Calculate the greatest common divisor of 376642 and 14.
14
Calculate the highest common factor of 2835 and 525.
105
What is the greatest common factor of 34720 and 3080?
280
What is the highest common divisor of 1008 and 242298?
126
Calculate the greatest common factor of 99 and 1536903.
9
What is the greatest common factor of 234 and 5493618?
234
Calculate the greatest common factor of 367385 and 5.
5
Calculate the highest common divisor of 303936 and 336.
48
Calculate the greatest common divisor of 3468 and 2568.
12
Calculate the highest common factor of 1029 and 11697672.
1029
What is the greatest common factor of 83252 and 52?
52
Calculate the greatest common factor of 2907 and 58786.
323
What is the greatest common factor of 24 and 32106?
6
What is the highest common factor of 75046 and 17113?
157
Calculate the highest common factor of 9224104 and 46.
46
What is the greatest common factor of 294 and 125454?
42
What is the highest common factor of 69111 and 315?
63
Calculate the highest common factor of 1044 and 65124.
36
What is the highest common factor of 4085 and 59565?
95
Calculate the greatest common factor of 378 and 10234.
14
Calculate the greatest common divisor of 161512 and 208.
104
What is the highest common divisor of 249431 and 91?
91
Calculate the greatest common factor of 1117 and 239.
1
Calculate the greatest common factor of 13646 and 94.
2
Calculate the greatest common factor of 32370 and 104.
26
Calculate the highest common divisor of 649 and 792.
11
What is the greatest common factor of 276 and 207276?
276
Calculate the hig